{"id":80,"date":"2012-04-20T16:47:43","date_gmt":"2012-04-20T16:47:43","guid":{"rendered":"https:\/\/blogs.unc.edu.ar\/especializacion-radar\/?page_id=80"},"modified":"2017-11-25T12:25:27","modified_gmt":"2017-11-25T12:25:27","slug":"perfil-del-egresado","status":"publish","type":"page","link":"https:\/\/blogs.unc.edu.ar\/posgrados-radar\/alumnos\/perfil-del-egresado\/","title":{"rendered":"Perfil del egresado"},"content":{"rendered":"<div style=\"text-align: justify\"><\/div>\n<div style=\"text-align: justify\"><span style=\"font-size: 14px\"><span style=\"font-size: 14px\"><span style=\"font-family: arial, helvetica, sans-serif\"><span style=\"text-align: justify\">Los egresados de la <span style=\"color: #008000\"><strong>Especializaci\u00f3n en Sistemas de Radar e Instrumentaci\u00f3n<\/strong><\/span> ser\u00e1n capaces de resolver actividades relacionadas con:<br \/>\na) la operaci\u00f3n y mantenimiento de estos sistemas,<br \/>\nb) la manipulaci\u00f3n (procesamiento, interpretaci\u00f3n, an\u00e1lisis) de la informaci\u00f3n que \u00e9stos proporcionan.<\/span><\/span><\/span><\/span><\/div>\n<p>&nbsp;<\/p>\n<div><\/div>\n<div style=\"text-align: justify\"><span style=\"font-size: 14px\"><span style=\"font-family: arial, helvetica, sans-serif\"><span style=\"text-align: justify\">Los egresados de la <strong><span style=\"color: #008000\">Maestr\u00eda en Sistemas de Radar e Instrumentaci\u00f3n<\/span><\/strong> ser\u00e1n capaces de resolver actividades relacionadas con: <\/span><\/span><\/span><\/div>\n<div style=\"text-align: justify\"><span style=\"font-size: 14px\"><span style=\"font-family: arial, helvetica, sans-serif\"><span style=\"text-align: justify\">a) la operaci\u00f3n y mantenimiento de estos sistemas,<\/span><\/span><\/span><\/div>\n<div style=\"text-align: justify\"><span style=\"font-size: 14px\"><span style=\"font-family: arial, helvetica, sans-serif\"><span style=\"text-align: justify\">b) la manipulaci\u00f3n (procesamiento, interpretaci\u00f3n, an\u00e1lisis) de la informaci\u00f3n que \u00e9stos proporcionan,<\/span><\/span><\/span><\/div>\n<div style=\"text-align: justify\"><span style=\"font-size: 14px\"><span style=\"font-family: arial, helvetica, sans-serif\"><span style=\"text-align: justify\">c) la generaci\u00f3n de nuevos desarrollos tanto de los sistemas de radares propiamente dichos como de la instrumentaci\u00f3n que los rodea. \u00a0 \u00a0 \u00a0 \u00a0 \u00a0 \u00a0 \u00a0 \u00a0 \u00a0 \u00a0 \u00a0 \u00a0 \u00a0 \u00a0 \u00a0 \u00a0 \u00a0 \u00a0 \u00a0 \u00a0 \u00a0 \u00a0 \u00a0 \u00a0 \u00a0 \u00a0 \u00a0 \u00a0 \u00a0 \u00a0 \u00a0 \u00a0 \u00a0 \u00a0 \u00a0\u00a0<\/span><\/span><\/span><\/div>\n","protected":false},"excerpt":{"rendered":"<p>Los egresados de la Especializaci\u00f3n en Sistemas de Radar e Instrumentaci\u00f3n ser\u00e1n capaces de resolver actividades relacionadas con: a) la operaci\u00f3n y mantenimiento de estos sistemas, b) la manipulaci\u00f3n (procesamiento, interpretaci\u00f3n, an\u00e1lisis) de la informaci\u00f3n que \u00e9stos proporcionan. &nbsp; Los egresados de la Maestr\u00eda en Sistemas de Radar e Instrumentaci\u00f3n ser\u00e1n capaces de resolver actividades [&hellip;]<\/p>\n","protected":false},"author":31,"featured_media":0,"parent":11,"menu_order":3,"comment_status":"closed","ping_status":"closed","template":"","meta":{"footnotes":""},"class_list":["post-80","page","type-page","status-publish","hentry"],"_links":{"self":[{"href":"https:\/\/blogs.unc.edu.ar\/posgrados-radar\/wp-json\/wp\/v2\/pages\/80","targetHints":{"allow":["GET"]}}],"collection":[{"href":"https:\/\/blogs.unc.edu.ar\/posgrados-radar\/wp-json\/wp\/v2\/pages"}],"about":[{"href":"https:\/\/blogs.unc.edu.ar\/posgrados-radar\/wp-json\/wp\/v2\/types\/page"}],"author":[{"embeddable":true,"href":"https:\/\/blogs.unc.edu.ar\/posgrados-radar\/wp-json\/wp\/v2\/users\/31"}],"replies":[{"embeddable":true,"href":"https:\/\/blogs.unc.edu.ar\/posgrados-radar\/wp-json\/wp\/v2\/comments?post=80"}],"version-history":[{"count":21,"href":"https:\/\/blogs.unc.edu.ar\/posgrados-radar\/wp-json\/wp\/v2\/pages\/80\/revisions"}],"predecessor-version":[{"id":595,"href":"https:\/\/blogs.unc.edu.ar\/posgrados-radar\/wp-json\/wp\/v2\/pages\/80\/revisions\/595"}],"up":[{"embeddable":true,"href":"https:\/\/blogs.unc.edu.ar\/posgrados-radar\/wp-json\/wp\/v2\/pages\/11"}],"wp:attachment":[{"href":"https:\/\/blogs.unc.edu.ar\/posgrados-radar\/wp-json\/wp\/v2\/media?parent=80"}],"curies":[{"name":"wp","href":"https:\/\/api.w.org\/{rel}","templated":true}]}}