{"id":54,"date":"2012-04-12T20:03:27","date_gmt":"2012-04-12T20:03:27","guid":{"rendered":"https:\/\/blogs.unc.edu.ar\/especializacion-radar\/?page_id=54"},"modified":"2017-11-16T15:57:11","modified_gmt":"2017-11-16T15:57:11","slug":"autoridades","status":"publish","type":"page","link":"https:\/\/blogs.unc.edu.ar\/posgrados-radar\/institucional\/autoridades\/","title":{"rendered":"Autoridades"},"content":{"rendered":"<p><span style=\"font-size: 14px;color: #008000\"><span style=\"font-family: arial,helvetica,sans-serif\"><strong><u>Maestr\u00eda en Sistemas de Radar e Instrumentaci\u00f3n:<\/u><\/strong><\/span><\/span><\/p>\n<p>&nbsp;<\/p>\n<p><span style=\"font-size: 14px\"><span style=\"font-family: arial,helvetica,sans-serif\">Director<\/span><\/span><span style=\"font-size: 14px\"><span style=\"font-family: arial,helvetica,sans-serif\">:<\/span><\/span><\/p>\n<p><span style=\"font-size: 14px\"><span style=\"font-family: arial,helvetica,sans-serif\">Dr. Jos\u00e9 D. Cuozzo<\/span><\/span><\/p>\n<p>&nbsp;<\/p>\n<p><span style=\"font-size: 14px\"><span style=\"font-family: arial,helvetica,sans-serif\">Co -Director: <\/span><\/span><\/p>\n<p><span style=\"font-size: 14px\"><span style=\"font-family: arial,helvetica,sans-serif\">Dr. Giorgio Caranti<\/span><\/span><\/p>\n<p>&nbsp;<\/p>\n<p><span style=\"color: #008000;font-size: 14px\"><strong><strong><span style=\"font-family: arial,helvetica,sans-serif\"><u>Especializaci\u00f3n en Sistemas de Radar e Instrumentaci\u00f3n <\/u><\/span><\/strong><\/strong><\/span><\/p>\n<p>&nbsp;<\/p>\n<p><span style=\"font-size: 14px\"><span style=\"font-family: arial,helvetica,sans-serif\">Directora: <\/span><\/span><\/p>\n<p><span style=\"font-size: 14px\"><span style=\"font-family: arial,helvetica,sans-serif\">Esp. Ing. Marcela Busnardo <\/span><\/span><\/p>\n<p>&nbsp;<\/p>\n<p><span style=\"font-size: 14px\"><span style=\"font-family: arial,helvetica,sans-serif\">Co-Director:<\/span><\/span><\/p>\n<p><span style=\"font-size: 14px\"><span style=\"font-family: arial,helvetica,sans-serif\">Dr. Ra\u00fal Comes<\/span><\/span><\/p>\n<p>&nbsp;<\/p>\n<p><span style=\"color: #008000;font-size: 14px\"><strong><span style=\"font-family: arial,helvetica,sans-serif\"><u>Comit\u00e9 Acad\u00e9mico de las Carreras:<\/u><\/span><\/strong><\/span><\/p>\n<p>&nbsp;<\/p>\n<p><span style=\"font-size: 14px\"><span style=\"font-family: arial,helvetica,sans-serif\">Dra. Mirta Susana Iriondo &#8211; FAMAF<\/span><\/span><\/p>\n<p><span style=\"font-size: 14px\"><span style=\"font-family: arial,helvetica,sans-serif\">Dr. Ra\u00fal Comes &#8211; FAMAF <\/span><\/span><\/p>\n<p><span style=\"font-size: 14px\"><span style=\"font-family: arial,helvetica,sans-serif\">Dr. Giorgio Caranti &#8211; FAMAF <\/span><\/span><\/p>\n<p><span style=\"font-size: 14px\"><span style=\"font-family: arial,helvetica,sans-serif\">Dr. Vcom. Jos\u00e9 D. Cuozzo &#8211; CRUC &#8211; IUA <\/span><\/span><\/p>\n<p><span style=\"font-size: 14px\"><span style=\"font-family: arial,helvetica,sans-serif\">Esp. Ing. Marcela Busnardo &#8211; CRUC &#8211; IUA <\/span><\/span><\/p>\n<p><span style=\"font-size: 14px\"><span style=\"font-family: arial,helvetica,sans-serif\">Mgter. Pablo Sonna &#8211; CRUC &#8211; IUA<\/span><\/span><\/p>\n<p>&nbsp;<\/p>\n","protected":false},"excerpt":{"rendered":"<p>Maestr\u00eda en Sistemas de Radar e Instrumentaci\u00f3n: &nbsp; Director: Dr. Jos\u00e9 D. Cuozzo &nbsp; Co -Director: Dr. Giorgio Caranti &nbsp; Especializaci\u00f3n en Sistemas de Radar e Instrumentaci\u00f3n &nbsp; Directora: Esp. Ing. Marcela Busnardo &nbsp; Co-Director: Dr. Ra\u00fal Comes &nbsp; Comit\u00e9 Acad\u00e9mico de las Carreras: &nbsp; Dra. Mirta Susana Iriondo &#8211; FAMAF Dr. Ra\u00fal Comes &#8211; [&hellip;]<\/p>\n","protected":false},"author":31,"featured_media":0,"parent":2,"menu_order":2,"comment_status":"closed","ping_status":"closed","template":"","meta":{"footnotes":""},"class_list":["post-54","page","type-page","status-publish","hentry"],"_links":{"self":[{"href":"https:\/\/blogs.unc.edu.ar\/posgrados-radar\/wp-json\/wp\/v2\/pages\/54","targetHints":{"allow":["GET"]}}],"collection":[{"href":"https:\/\/blogs.unc.edu.ar\/posgrados-radar\/wp-json\/wp\/v2\/pages"}],"about":[{"href":"https:\/\/blogs.unc.edu.ar\/posgrados-radar\/wp-json\/wp\/v2\/types\/page"}],"author":[{"embeddable":true,"href":"https:\/\/blogs.unc.edu.ar\/posgrados-radar\/wp-json\/wp\/v2\/users\/31"}],"replies":[{"embeddable":true,"href":"https:\/\/blogs.unc.edu.ar\/posgrados-radar\/wp-json\/wp\/v2\/comments?post=54"}],"version-history":[{"count":31,"href":"https:\/\/blogs.unc.edu.ar\/posgrados-radar\/wp-json\/wp\/v2\/pages\/54\/revisions"}],"predecessor-version":[{"id":486,"href":"https:\/\/blogs.unc.edu.ar\/posgrados-radar\/wp-json\/wp\/v2\/pages\/54\/revisions\/486"}],"up":[{"embeddable":true,"href":"https:\/\/blogs.unc.edu.ar\/posgrados-radar\/wp-json\/wp\/v2\/pages\/2"}],"wp:attachment":[{"href":"https:\/\/blogs.unc.edu.ar\/posgrados-radar\/wp-json\/wp\/v2\/media?parent=54"}],"curies":[{"name":"wp","href":"https:\/\/api.w.org\/{rel}","templated":true}]}}