{"id":276,"date":"2012-05-24T15:17:22","date_gmt":"2012-05-24T15:17:22","guid":{"rendered":"https:\/\/blogs.unc.edu.ar\/especializacion-radar\/?page_id=276"},"modified":"2018-05-18T12:56:38","modified_gmt":"2018-05-18T12:56:38","slug":"inicio","status":"publish","type":"page","link":"https:\/\/blogs.unc.edu.ar\/posgrados-radar\/","title":{"rendered":"Inicio"},"content":{"rendered":"<div style=\"text-align: justify\"><\/div>\n<div style=\"text-align: justify\"><span style=\"font-size: 14px\"><span style=\"font-size: 14px\"><span style=\"font-family: arial, helvetica, sans-serif\"><br \/>\n<span lang=\"es-AR\">La\u00a0<span style=\"color: #008000\"><strong>Facultad de Matem\u00e1tica, Astronom\u00eda, F\u00edsica y Computaci\u00f3n de la Universidad Nacional de C\u00f3rdoba<\/strong><span style=\"color: #000000\">,\u00a0y la<\/span> <strong>Facultad de Ingenier\u00eda del Centro Regional Universitario C\u00f3rdoba &#8211; IUA de la Universidad de la Defensa Nacional<\/strong><\/span><\/span>,\u00a0informan que <span style=\"color: #000000\"><strong>hasta el 28 de marzo de 2018<\/strong><\/span> se encuentran abiertas las inscripciones &#8211; Cohorte 2018 &#8211; \u00a0para las Carreras de Posgrado\u00a0<\/span><\/span><\/span><strong style=\"color: #008000;font-family: arial, helvetica, sans-serif;font-size: 14px\">ESPECIALIZACI\u00d3N\u00a0<\/strong><strong style=\"color: #008000;font-family: arial, helvetica, sans-serif;font-size: 14px\">Y MAESTR\u00cdA EN SISTEMAS DE RADAR E INSTRUMENTACI\u00d3N<\/strong><span style=\"font-family: arial, helvetica, sans-serif;font-size: 14px\">, que tienen por objetivo formar recursos humanos altamente capacitados en los fundamentos y el conocimiento pr\u00e1ctico de las tecnolog\u00edas asociadas al Radar,\u00a0que permitan su aplicaci\u00f3n de manera creativa en un marco interdisciplinario y con conceptos e instrumentos avanzados.<\/span><\/div>\n<div><\/div>\n<div style=\"text-align: justify\"><\/div>\n<div style=\"text-align: justify\"><span style=\"font-size: 14px\"><span style=\"font-size: 14px\"><span style=\"font-family: arial, helvetica, sans-serif\"><br \/>\n<span lang=\"es-AR\"><span style=\"color: #008000\"><strong>Cierre de inscripciones: 28 de marzo de 2018.<\/strong><\/span><\/span><\/span><\/span><\/span><\/div>\n<div><\/div>\n<div><\/div>\n<div style=\"text-align: justify\"><\/div>\n<div style=\"text-align: justify\"><span style=\"font-size: 14px\"><span style=\"font-size: 14px\"><span style=\"font-family: arial, helvetica, sans-serif\"><br \/>\n<span lang=\"es-AR\"><span style=\"color: #008000\"><strong>Las clases comienzan el 5 de abril.<\/strong><\/span><\/span><\/span><\/span><\/span><\/div>\n<div><\/div>\n<p>&nbsp;<\/p>\n<div><\/div>\n<div style=\"text-align: justify\"><span style=\"font-size: 14px\"><span style=\"font-size: 14px\"><span style=\"font-family: arial, helvetica, sans-serif\">Para mayor informaci\u00f3n dirigirse a la Secretar\u00eda de Posgrado de FAMAF, de lunes a viernes de 10 a 14 hs. al tel\u00e9fono 5353701 internos 41129 o 41150 o por correo electr\u00f3nico a <a href=\"mailto:codepo@famaf.unc.edu.ar\">codepo@famaf.unc.edu.ar<\/a><\/span><\/span><\/span><\/div>\n<div><\/div>\n<div style=\"text-align: justify\"><\/div>\n","protected":false},"excerpt":{"rendered":"<p>La\u00a0Facultad de Matem\u00e1tica, Astronom\u00eda, F\u00edsica y Computaci\u00f3n de la Universidad Nacional de C\u00f3rdoba,\u00a0y la Facultad de Ingenier\u00eda del Centro Regional Universitario C\u00f3rdoba &#8211; IUA de la Universidad de la Defensa Nacional,\u00a0informan que hasta el 28 de marzo de 2018 se encuentran abiertas las inscripciones &#8211; Cohorte 2018 &#8211; \u00a0para las Carreras de Posgrado\u00a0ESPECIALIZACI\u00d3N\u00a0Y MAESTR\u00cdA EN [&hellip;]<\/p>\n","protected":false},"author":31,"featured_media":0,"parent":0,"menu_order":1,"comment_status":"closed","ping_status":"closed","template":"","meta":{"footnotes":""},"class_list":["post-276","page","type-page","status-publish","hentry"],"_links":{"self":[{"href":"https:\/\/blogs.unc.edu.ar\/posgrados-radar\/wp-json\/wp\/v2\/pages\/276","targetHints":{"allow":["GET"]}}],"collection":[{"href":"https:\/\/blogs.unc.edu.ar\/posgrados-radar\/wp-json\/wp\/v2\/pages"}],"about":[{"href":"https:\/\/blogs.unc.edu.ar\/posgrados-radar\/wp-json\/wp\/v2\/types\/page"}],"author":[{"embeddable":true,"href":"https:\/\/blogs.unc.edu.ar\/posgrados-radar\/wp-json\/wp\/v2\/users\/31"}],"replies":[{"embeddable":true,"href":"https:\/\/blogs.unc.edu.ar\/posgrados-radar\/wp-json\/wp\/v2\/comments?post=276"}],"version-history":[{"count":52,"href":"https:\/\/blogs.unc.edu.ar\/posgrados-radar\/wp-json\/wp\/v2\/pages\/276\/revisions"}],"predecessor-version":[{"id":634,"href":"https:\/\/blogs.unc.edu.ar\/posgrados-radar\/wp-json\/wp\/v2\/pages\/276\/revisions\/634"}],"wp:attachment":[{"href":"https:\/\/blogs.unc.edu.ar\/posgrados-radar\/wp-json\/wp\/v2\/media?parent=276"}],"curies":[{"name":"wp","href":"https:\/\/api.w.org\/{rel}","templated":true}]}}