{"id":959,"date":"2016-08-16T10:52:42","date_gmt":"2016-08-16T13:52:42","guid":{"rendered":"https:\/\/blogs.unc.edu.ar\/infiqc\/?page_id=959"},"modified":"2016-08-16T10:53:34","modified_gmt":"2016-08-16T13:53:34","slug":"orden-de-mantenimiento","status":"publish","type":"page","link":"https:\/\/blogs.unc.edu.ar\/infiqc\/formularios\/orden-de-mantenimiento\/","title":{"rendered":"Orden de Mantenimiento"},"content":{"rendered":"<h3><span style=\"color: #ff9900\">Recuerde que la factibilidad de realizar el trabajo ser\u00e1 confirmada a Usted por el por el Personal de Apoyo de Mantenimiento\u00a0v\u00eda correo electr\u00f3nico<\/span><\/h3>\n<div class=\"full\">\n<p>Para solicitar una Orden de Mantenimiento, deber\u00e1 seguir estos pasos:<\/p>\n<ul>\n<li>Ingresar al enlace que se brinda a continuaci\u00f3n<\/li>\n<li>Completar\u00a0el\u00a0FORMULARIO con los datos correspondientes<\/li>\n<li>Al recibir la labor realizada por parte del Personal de Apoyo de Mantenimiento, el solicitante deber\u00e1 firmar una planilla donde constar\u00e1 su conformidad con el trabajo recibido. De esa manera se podr\u00e1 cerrar la solicitud.<\/li>\n<\/ul>\n<p><a href=\"https:\/\/docs.google.com\/forms\/d\/1_GfPqXRyHxyRnloSFn4oJy7__TISEDsU1GFEFoRgeKQ\/viewform?c=0&amp;w=1&amp;usp=mail_form_link\" target=\"_blank\">https:\/\/docs.google.com\/forms\/d\/1_GfPqXRyHxyRnloSFn4oJy7__TISEDsU1GFEFoRgeKQ\/viewform?c=0&amp;w=1&amp;usp=mail_form_link<\/a><\/p>\n<p>&nbsp;<\/p>\n<p>Para consultar las Tareas, lugares y horarios del C.P.A. de \u00a0MANTENIMIENTO, haga click\u00a0<a href=\"http:\/\/infiqc.fcq.unc.edu.ar\/repositorio\/Tareas%20y%20horarios%20CPA%20MANTENIMIENTO.pdf\" target=\"_blank\">aqu\u00ed<\/a>.<\/p>\n<\/div>\n","protected":false},"excerpt":{"rendered":"<p>Recuerde que la factibilidad de realizar el trabajo ser\u00e1 confirmada a Usted por el por el Personal de Apoyo de Mantenimiento\u00a0v\u00eda correo electr\u00f3nico Para solicitar una Orden de Mantenimiento, deber\u00e1 seguir estos pasos: Ingresar al enlace que se brinda a continuaci\u00f3n Completar\u00a0el\u00a0FORMULARIO con los datos correspondientes Al recibir la labor realizada por parte del Personal [&hellip;]<\/p>\n","protected":false},"author":180,"featured_media":0,"parent":64,"menu_order":0,"comment_status":"closed","ping_status":"closed","template":"page-templates\/full-width.php","meta":{"footnotes":""},"class_list":["post-959","page","type-page","status-publish","hentry"],"_links":{"self":[{"href":"https:\/\/blogs.unc.edu.ar\/infiqc\/wp-json\/wp\/v2\/pages\/959","targetHints":{"allow":["GET"]}}],"collection":[{"href":"https:\/\/blogs.unc.edu.ar\/infiqc\/wp-json\/wp\/v2\/pages"}],"about":[{"href":"https:\/\/blogs.unc.edu.ar\/infiqc\/wp-json\/wp\/v2\/types\/page"}],"author":[{"embeddable":true,"href":"https:\/\/blogs.unc.edu.ar\/infiqc\/wp-json\/wp\/v2\/users\/180"}],"replies":[{"embeddable":true,"href":"https:\/\/blogs.unc.edu.ar\/infiqc\/wp-json\/wp\/v2\/comments?post=959"}],"version-history":[{"count":2,"href":"https:\/\/blogs.unc.edu.ar\/infiqc\/wp-json\/wp\/v2\/pages\/959\/revisions"}],"predecessor-version":[{"id":961,"href":"https:\/\/blogs.unc.edu.ar\/infiqc\/wp-json\/wp\/v2\/pages\/959\/revisions\/961"}],"up":[{"embeddable":true,"href":"https:\/\/blogs.unc.edu.ar\/infiqc\/wp-json\/wp\/v2\/pages\/64"}],"wp:attachment":[{"href":"https:\/\/blogs.unc.edu.ar\/infiqc\/wp-json\/wp\/v2\/media?parent=959"}],"curies":[{"name":"wp","href":"https:\/\/api.w.org\/{rel}","templated":true}]}}