{"id":339,"date":"2010-05-07T20:52:26","date_gmt":"2010-05-07T20:52:26","guid":{"rendered":"https:\/\/blogs.unc.edu.ar\/doctorado-neurociencias\/?page_id=339"},"modified":"2018-08-08T17:06:55","modified_gmt":"2018-08-08T17:06:55","slug":"contactos","status":"publish","type":"page","link":"https:\/\/blogs.unc.edu.ar\/doctorado-neurociencias\/contactos\/","title":{"rendered":"Contactos"},"content":{"rendered":"<p><strong>Consultas<\/strong>: Toda consulta acerca de tr\u00e1mites relacionados con el DNC deber\u00e1 dirigirse a la Secretar\u00eda del Doctorado en Neurociencias, Secretar\u00eda de Posgrado de la Facultad de Ciencias Qu\u00edmicas de la UNC, de Martes a Viernes de 10 a 12 hs.<\/p>\n<p><span style=\"font-family: trebuchet ms,helvetica,sans-serif\">Mail para consultas generales :\u00a0\u00a0 consultas@dnc.unc.edu.ar<br \/>\n<\/span><\/p>\n<p>Mail para inscripciones y consultas sobre <strong>cursos<\/strong>:\u00a0\u00a0 cursos@dnc.unc.edu.ar<\/p>\n","protected":false},"excerpt":{"rendered":"<p>Consultas: Toda consulta acerca de tr\u00e1mites relacionados con el DNC deber\u00e1 dirigirse a la Secretar\u00eda del Doctorado en Neurociencias, Secretar\u00eda de Posgrado de la Facultad de Ciencias Qu\u00edmicas de la UNC, de Martes a Viernes de 10 a 12 hs. Mail para consultas generales :\u00a0\u00a0 consultas@dnc.unc.edu.ar Mail para inscripciones y consultas sobre cursos:\u00a0\u00a0 cursos@dnc.unc.edu.ar<\/p>\n","protected":false},"author":4,"featured_media":0,"parent":0,"menu_order":30,"comment_status":"closed","ping_status":"closed","template":"","meta":{"footnotes":""},"class_list":["post-339","page","type-page","status-publish","hentry"],"_links":{"self":[{"href":"https:\/\/blogs.unc.edu.ar\/doctorado-neurociencias\/wp-json\/wp\/v2\/pages\/339","targetHints":{"allow":["GET"]}}],"collection":[{"href":"https:\/\/blogs.unc.edu.ar\/doctorado-neurociencias\/wp-json\/wp\/v2\/pages"}],"about":[{"href":"https:\/\/blogs.unc.edu.ar\/doctorado-neurociencias\/wp-json\/wp\/v2\/types\/page"}],"author":[{"embeddable":true,"href":"https:\/\/blogs.unc.edu.ar\/doctorado-neurociencias\/wp-json\/wp\/v2\/users\/4"}],"replies":[{"embeddable":true,"href":"https:\/\/blogs.unc.edu.ar\/doctorado-neurociencias\/wp-json\/wp\/v2\/comments?post=339"}],"version-history":[{"count":8,"href":"https:\/\/blogs.unc.edu.ar\/doctorado-neurociencias\/wp-json\/wp\/v2\/pages\/339\/revisions"}],"predecessor-version":[{"id":931,"href":"https:\/\/blogs.unc.edu.ar\/doctorado-neurociencias\/wp-json\/wp\/v2\/pages\/339\/revisions\/931"}],"wp:attachment":[{"href":"https:\/\/blogs.unc.edu.ar\/doctorado-neurociencias\/wp-json\/wp\/v2\/media?parent=339"}],"curies":[{"name":"wp","href":"https:\/\/api.w.org\/{rel}","templated":true}]}}