{"id":39,"date":"2011-03-10T21:39:33","date_gmt":"2011-03-10T21:39:33","guid":{"rendered":"https:\/\/blogs.unc.edu.ar\/cajacomplementariaunc\/?page_id=39"},"modified":"2021-02-25T11:41:59","modified_gmt":"2021-02-25T11:41:59","slug":"supervivencia","status":"publish","type":"page","link":"https:\/\/blogs.unc.edu.ar\/cajacomplementariaunc\/supervivencia\/","title":{"rendered":"Supervivencia"},"content":{"rendered":"<h1 style=\"text-align: center\"><span style=\"color: #0000ff\"><strong>SE INFORMA A NUESTROS BENEFICIARIOS QUE DEBIDO A LA PANDEMIA\u00a0 EL CONTROL DE SUPERVIVENCIA POR EL MES DE ABRIL 2021 SIGUE SUSPENDIDO.<\/strong><\/span><\/h1>\n<p><!--more-->La supervivencia se controlar\u00e1 en los meses de <span style=\"color: #ff0000\"><span style=\"text-decoration: underline\">ABRIL Y OCTUBRE<\/span><\/span> de cada a\u00f1o en las oficinas de la Caja Complementaria.<\/p>\n<p>Todos los beneficiarios deben realizarla, tengan o no apoderado.<\/p>\n<p>El titular debe presentarse en las oficinas de la Caja, con el documento de identidad. En caso de no poder concurrir personalmente, deber\u00e1n remitir certificado de supervivencia emitido por la polic\u00eda.<\/p>\n<p style=\"text-align: justify\"><strong><u>RESOLUCI\u00d3N DIRECTORIO N\u00ba 1.-<\/u><\/strong><\/p>\n<p style=\"text-align: justify\">\n<p class=\"MsoNormal\" style=\"text-align: justify;line-height: 150%;margin: 0cm 0cm 0pt\"><span style=\"color: #000000\"><span style=\"font-family: Times New Roman\"><strong>\u00a0\u00a0\u00a0\u00a0\u00a0<span style=\"font-size: 14px\">\u00a0\u00a0\u00a0\u00a0\u00a0\u00a0\u00a0\u00a0\u00a0\u00a0\u00a0\u00a0\u00a0\u00a0\u00a0\u00a0\u00a0\u00a0\u00a0\u00a0\u00a0\u00a0\u00a0\u00a0\u00a0\u00a0\u00a0\u00a0\u00a0\u00a0\u00a0\u00a0\u00a0\u00a0\u00a0\u00a0\u00a0\u00a0\u00a0\u00a0\u00a0\u00a0\u00a0\u00a0\u00a0\u00a0\u00a0\u00a0\u00a0\u00a0\u00a0\u00a0\u00a0\u00a0\u00a0\u00a0\u00a0\u00a0\u00a0\u00a0\u00a0\u00a0<\/span><\/strong><span style=\"font-size: 14px\">C\u00f2rdoba, <\/span><span style=\"font-size: 14px\">08 de marzo de 2012.-<\/span><\/span><\/span><\/p>\n<p class=\"MsoNormal\" style=\"text-align: justify;line-height: 150%;margin: 0cm 0cm 0pt\">\n<p class=\"MsoNormal\" style=\"text-align: justify;line-height: 150%;margin: 0cm 0cm 0pt\">\n<p class=\"MsoNormal\" style=\"text-align: justify;line-height: 150%;margin: 0cm 0cm 0pt\"><span style=\"font-size: 14px\"><span style=\"color: #000000\"><span style=\"font-family: Times New Roman\"><strong>Y VISTO: <\/strong>la implementaci\u00f3n del sistema de abono de los complementos por parte de <\/span><\/span><\/span><span style=\"color: #000000\"><span style=\"font-family: Times New Roman\"><span style=\"font-size: 14px\">la Caja<\/span><span style=\"font-size: 14px\"> a trav\u00e9s de su dep\u00f3sito en cajas de ahorro de cada beneficiario.<\/span><\/span><\/span><\/p>\n<p class=\"MsoNormal\" style=\"text-align: justify;line-height: 150%;margin: 0cm 0cm 0pt\"><span style=\"font-size: 14px\"><span style=\"line-height: 150%\"><span style=\"color: #000000;font-family: Times New Roman\">\u00a0<\/span><\/span><\/span><\/p>\n<p class=\"MsoNormal\" style=\"text-align: justify;line-height: 150%;margin: 0cm 0cm 0pt\">\n<p class=\"MsoNormal\" style=\"text-align: justify;line-height: 150%;margin: 0cm 0cm 0pt\"><span style=\"font-size: 14px\"><span style=\"color: #000000\"><span style=\"font-family: Times New Roman\"><strong>Y CONSIDERANDO: <\/strong>1) Que tal bancarizaci\u00f3n importa la p\u00e9rdida de contacto directo con los beneficiarios, ya que la percepci\u00f3n del haber de complemento se realiza normalmente a trav\u00e9s de cajeros automatizados.<\/span><\/span><\/span><\/p>\n<p class=\"MsoNormal\" style=\"text-align: justify;line-height: 150%;margin: 0cm 0cm 0pt\">\n<p class=\"MsoNormal\" style=\"text-align: justify;line-height: 150%;margin: 0cm 0cm 0pt\"><span style=\"font-size: 14px\"><span style=\"line-height: 150%\"><span style=\"color: #000000\"><span style=\"font-family: Times New Roman\">2) Que ello conlleva la necesidad de controlar la supervivencia de los beneficiarios para evitar depositar complementos a aqu\u00e9llos que han fallecido, m\u00e1s all\u00e1 del control que normalmente se hace por el personal de <\/span><\/span><\/span><\/span><span style=\"line-height: 150%;font-size: 12pt\"><span style=\"color: #000000\"><span style=\"font-family: Times New Roman\"><span style=\"font-size: 14px\">la Caja<\/span><span style=\"font-size: 14px\">, a trav\u00e9s del anoticiamiento directo (por conocimiento, avisos f\u00fanebres, etc.) o por la informaci\u00f3n que al respecto brinda <\/span><span style=\"font-size: 14px\">la DASPU.<\/span><\/span><\/span><\/span><\/p>\n<p class=\"MsoNormal\" style=\"text-align: justify;line-height: 150%;margin: 0cm 0cm 0pt\"><span style=\"font-size: 14px\"><span style=\"line-height: 150%\"><span style=\"color: #000000\"><span style=\"font-family: Times New Roman\">3) Que el Banco C\u00f3rdoba S.A., instituci\u00f3n financiera que hoy presta el servicio de pago, no realiza el control de supervivencia.<\/span><\/span><\/span><\/span><\/p>\n<p class=\"MsoNormal\" style=\"text-align: justify;line-height: 150%;margin: 0cm 0cm 0pt\"><span style=\"font-size: 14px\"><span style=\"line-height: 150%\"><span style=\"color: #000000\"><span style=\"font-family: Times New Roman\">4) Que conviene reglamentar este requisito para que sea claro y expl\u00edcito para los afiliados a <\/span><\/span><\/span><\/span><span style=\"line-height: 150%;font-size: 12pt\"><span style=\"color: #000000\"><span style=\"font-family: Times New Roman\"><span style=\"font-size: 14px\">la Caja.<\/span><\/span><\/span><\/span><\/p>\n<p class=\"MsoNormal\" style=\"text-align: justify;line-height: 150%;margin: 0cm 0cm 0pt\">\n<p class=\"MsoNormal\" style=\"text-align: justify;line-height: 150%;margin: 0cm 0cm 0pt\"><span style=\"font-size: 14px\"><span style=\"line-height: 150%\"><span style=\"color: #000000\"><span style=\"font-family: Times New Roman\">Por todo ello<\/span><\/span><\/span><\/span><\/p>\n<p class=\"MsoNormal\" style=\"text-align: justify;line-height: 150%;margin: 0cm 0cm 0pt\">\n<p class=\"MsoNormal\" style=\"text-align: justify;line-height: 150%;margin: 0cm 0cm 0pt\"><span style=\"font-size: 14px\"><span style=\"line-height: 150%\"><span style=\"color: #000000;font-family: Times New Roman\">\u00a0<\/span><\/span><\/span><\/p>\n<p class=\"MsoNormal\" style=\"text-align: justify;line-height: 150%;margin: 0cm 0cm 0pt\">\n<p class=\"MsoNormal\" style=\"text-align: center;line-height: 150%;margin: 0cm 0cm 0pt\" align=\"center\"><span style=\"font-size: 14px\"><span style=\"line-height: 150%\"><strong><span style=\"color: #000000\"><span style=\"font-family: Times New Roman\">EL DIRECTORIO DE <\/span><\/span><\/strong><\/span><\/span><\/p>\n<p class=\"MsoNormal\" style=\"text-align: center;line-height: 150%;margin: 0cm 0cm 0pt\" align=\"center\"><span style=\"line-height: 150%;font-size: 12pt\"><strong><span style=\"color: #000000\"><span style=\"font-family: Times New Roman\"><span style=\"font-size: 14px\">LA CAJA<\/span><span style=\"font-size: 14px\"> COMPLEMENTARIA<\/span><span style=\"font-size: 14px\"> DE JUBILACIONES Y PENSIONES DEL PERSONAL DE <\/span><span style=\"font-size: 14px\">LA U.N<\/span><span style=\"font-size: 14px\">.C.<\/span><\/span><\/span><\/strong><\/span><\/p>\n<p class=\"MsoNormal\" style=\"text-align: justify;line-height: 150%;margin: 0cm 0cm 0pt\"><span style=\"font-size: 14px\"><span style=\"line-height: 150%\"><span style=\"color: #000000;font-family: Times New Roman\">\u00a0<\/span><\/span><\/span><\/p>\n<p class=\"MsoNormal\" style=\"text-align: justify;line-height: 150%;margin: 0cm 0cm 0pt\">\n<p class=\"MsoNormal\" style=\"text-align: center;line-height: 150%;margin: 0cm 0cm 0pt\" align=\"center\"><span style=\"font-size: 14px\"><span style=\"line-height: 150%\"><strong><span style=\"color: #000000\"><span style=\"font-family: Times New Roman\">RESUELVE:<\/span><\/span><\/strong><\/span><\/span><\/p>\n<p class=\"MsoNormal\" style=\"text-align: center;line-height: 150%;margin: 0cm 0cm 0pt\" align=\"center\">\n<p class=\"MsoNormal\" style=\"text-align: justify;line-height: 150%;margin: 0cm 0cm 0pt\"><span style=\"font-size: 14px\"><span style=\"color: #000000\"><span style=\"font-family: Times New Roman\"><strong>ARTICULO 1\u00ba: <\/strong>Disponer que la totalidad de los beneficiarios deben acreditar su supervivencia en los meses de abril y octubre de cada a\u00f1o, a cuyo efecto se efectuar\u00e1n las contrataciones necesarias para tal control mediante el sistema que el Directorio estime m\u00e1s conveniente.<\/span><\/span><\/span><\/p>\n<p class=\"MsoNormal\" style=\"text-align: justify;line-height: 150%;margin: 0cm 0cm 0pt\"><span style=\"font-size: 14px\"><span style=\"color: #000000\"><span style=\"font-family: Times New Roman\"><strong>ARTICULO 2\u00ba: <\/strong>Establecer que tal acreditaci\u00f3n se podr\u00e1 hacer personalmente en la sede de <\/span><\/span><\/span><span style=\"color: #000000\"><span style=\"font-family: Times New Roman\"><span style=\"font-size: 14px\">la Caja<\/span><span style=\"font-size: 14px\"> o mediante la remisi\u00f3n o presentaci\u00f3n de Certificado de supervivencia expedido por autoridad policial o constancia notarial. Excepcionalmente, <\/span><span style=\"font-size: 14px\">la Presidencia<\/span><span style=\"font-size: 14px\"> podr\u00e1 autorizar alg\u00fan otro medio de acreditaci\u00f3n en situaciones especiales, emitiendo la correspondiente resoluci\u00f3n.<\/span><\/span><\/span><\/p>\n<p class=\"MsoNormal\" style=\"text-align: justify;line-height: 150%;margin: 0cm 0cm 0pt\"><span style=\"font-size: 14px\"><span style=\"color: #000000\"><span style=\"font-family: Times New Roman\"><strong>ARTICULO 3\u00ba: <\/strong>A los beneficiarios que no hayan acreditado la supervivencia en alguno de los momentos indicados en el art\u00edculo primero de esta resoluci\u00f3n, se les remitir\u00e1 una intimaci\u00f3n postal, cuyo costo se deducir\u00e1 del haber que percibe.<\/span><\/span><\/span><\/p>\n<p class=\"MsoNormal\" style=\"text-align: justify;line-height: 150%;margin: 0cm 0cm 0pt\"><span style=\"font-size: 14px\"><span style=\"color: #000000\"><span style=\"font-family: Times New Roman\"><strong>ARTICULO 4\u00ba: <\/strong>La falta de acreditaci\u00f3n de la supervivencia en dos ocasiones (abril y octubre u octubre y abril), importar\u00e1 la suspensi\u00f3n del pago del haber complementario hasta tanto se regularice la situaci\u00f3n.<\/span><\/span><\/span><\/p>\n<p class=\"MsoNormal\" style=\"text-align: justify;line-height: 150%;margin: 0cm 0cm 0pt\"><span style=\"font-size: 14px\"><span style=\"color: #000000\"><span style=\"font-family: Times New Roman\"><strong>ARTICULO 5\u00ba: <\/strong>En los casos de acreditaci\u00f3n tard\u00eda de la supervivencia, se depositar\u00e1n los importes retenidos en la liquidaci\u00f3n subsiguiente, salvo casos de especial urgencia en que se podr\u00e1 liquidar mediante pago directo por cheque emitido por <\/span><\/span><\/span><span style=\"color: #000000\"><span style=\"font-family: Times New Roman\"><span style=\"font-size: 14px\">la Caja<\/span><span style=\"font-size: 14px\">, si no se ha enviado ya la liquidaci\u00f3n al Banco C\u00f3rdoba S.A.<\/span><\/span><\/span><\/p>\n<p class=\"MsoNormal\" style=\"text-align: justify;margin: 0cm 0cm 0pt\"><span style=\"font-size: 14px\"><span style=\"color: #000000\"><span style=\"font-family: Times New Roman\"><strong>ARTICULO 6\u00ba: <\/strong>Reg\u00edstrese y h\u00e1gase saber.-<\/span><\/span><\/span><\/p>\n<p class=\"MsoNormal\" style=\"text-align: justify;margin: 0cm 0cm 0pt\"><span style=\"font-size: 14px\"><span style=\"color: #000000;font-family: Times New Roman\">\u00a0<\/span><\/span><\/p>\n<p class=\"MsoNormal\" style=\"text-align: justify;margin: 0cm 0cm 0pt\">\n<p class=\"MsoNormal\" style=\"text-align: justify;margin: 0cm 0cm 0pt\"><span style=\"font-size: 14px\"><strong><span style=\"color: #000000\"><span style=\"font-family: Times New Roman\">RESOLUCI\u00d3N N\u00ba\u00a01<\/span><\/span><\/strong><\/span><\/p>\n<p class=\"MsoNormal\" style=\"text-align: justify;margin: 0cm 0cm 0pt\">\n","protected":false},"excerpt":{"rendered":"<p>SE INFORMA A NUESTROS BENEFICIARIOS QUE DEBIDO A LA PANDEMIA\u00a0 EL CONTROL DE SUPERVIVENCIA POR EL MES DE ABRIL 2021 SIGUE SUSPENDIDO.<\/p>\n","protected":false},"author":11,"featured_media":0,"parent":0,"menu_order":6,"comment_status":"closed","ping_status":"open","template":"","meta":{"footnotes":""},"class_list":["post-39","page","type-page","status-publish","hentry"],"_links":{"self":[{"href":"https:\/\/blogs.unc.edu.ar\/cajacomplementariaunc\/wp-json\/wp\/v2\/pages\/39","targetHints":{"allow":["GET"]}}],"collection":[{"href":"https:\/\/blogs.unc.edu.ar\/cajacomplementariaunc\/wp-json\/wp\/v2\/pages"}],"about":[{"href":"https:\/\/blogs.unc.edu.ar\/cajacomplementariaunc\/wp-json\/wp\/v2\/types\/page"}],"author":[{"embeddable":true,"href":"https:\/\/blogs.unc.edu.ar\/cajacomplementariaunc\/wp-json\/wp\/v2\/users\/11"}],"replies":[{"embeddable":true,"href":"https:\/\/blogs.unc.edu.ar\/cajacomplementariaunc\/wp-json\/wp\/v2\/comments?post=39"}],"version-history":[{"count":17,"href":"https:\/\/blogs.unc.edu.ar\/cajacomplementariaunc\/wp-json\/wp\/v2\/pages\/39\/revisions"}],"predecessor-version":[{"id":728,"href":"https:\/\/blogs.unc.edu.ar\/cajacomplementariaunc\/wp-json\/wp\/v2\/pages\/39\/revisions\/728"}],"wp:attachment":[{"href":"https:\/\/blogs.unc.edu.ar\/cajacomplementariaunc\/wp-json\/wp\/v2\/media?parent=39"}],"curies":[{"name":"wp","href":"https:\/\/api.w.org\/{rel}","templated":true}]}}