{"id":373,"date":"2013-08-01T15:39:45","date_gmt":"2013-08-01T15:39:45","guid":{"rendered":"https:\/\/blogs.unc.edu.ar\/cajacomplementariaunc\/?page_id=373"},"modified":"2020-05-15T07:21:53","modified_gmt":"2020-05-15T07:21:53","slug":"12-retiro-de-antecedentes-2","status":"publish","type":"page","link":"https:\/\/blogs.unc.edu.ar\/cajacomplementariaunc\/concurso\/12-retiro-de-antecedentes-2\/","title":{"rendered":"12- Retiro de antecedentes"},"content":{"rendered":"<p>Les comunicamos a los se\u00f1ores aspirantes que pueden pasar a retirar por la sede de la Caja Complementaria UNC la documentaci\u00f3n que acompa\u00f1aron como antecedentes para el concurso que culmino.&nbsp;<\/p>\n","protected":false},"excerpt":{"rendered":"<p>Les comunicamos a los se\u00f1ores aspirantes que pueden pasar a retirar por la sede de la Caja Complementaria UNC la documentaci\u00f3n que acompa\u00f1aron como antecedentes para el concurso que culmino.&nbsp;<\/p>\n","protected":false},"author":11,"featured_media":0,"parent":235,"menu_order":0,"comment_status":"closed","ping_status":"open","template":"","meta":{"footnotes":""},"class_list":["post-373","page","type-page","status-publish","hentry"],"_links":{"self":[{"href":"https:\/\/blogs.unc.edu.ar\/cajacomplementariaunc\/wp-json\/wp\/v2\/pages\/373","targetHints":{"allow":["GET"]}}],"collection":[{"href":"https:\/\/blogs.unc.edu.ar\/cajacomplementariaunc\/wp-json\/wp\/v2\/pages"}],"about":[{"href":"https:\/\/blogs.unc.edu.ar\/cajacomplementariaunc\/wp-json\/wp\/v2\/types\/page"}],"author":[{"embeddable":true,"href":"https:\/\/blogs.unc.edu.ar\/cajacomplementariaunc\/wp-json\/wp\/v2\/users\/11"}],"replies":[{"embeddable":true,"href":"https:\/\/blogs.unc.edu.ar\/cajacomplementariaunc\/wp-json\/wp\/v2\/comments?post=373"}],"version-history":[{"count":2,"href":"https:\/\/blogs.unc.edu.ar\/cajacomplementariaunc\/wp-json\/wp\/v2\/pages\/373\/revisions"}],"predecessor-version":[{"id":684,"href":"https:\/\/blogs.unc.edu.ar\/cajacomplementariaunc\/wp-json\/wp\/v2\/pages\/373\/revisions\/684"}],"up":[{"embeddable":true,"href":"https:\/\/blogs.unc.edu.ar\/cajacomplementariaunc\/wp-json\/wp\/v2\/pages\/235"}],"wp:attachment":[{"href":"https:\/\/blogs.unc.edu.ar\/cajacomplementariaunc\/wp-json\/wp\/v2\/media?parent=373"}],"curies":[{"name":"wp","href":"https:\/\/api.w.org\/{rel}","templated":true}]}}